{"id":24,"date":"2018-04-24T23:09:03","date_gmt":"2018-04-24T21:09:03","guid":{"rendered":"http:\/\/www.mamrecooperativa.org\/?page_id=24"},"modified":"2018-04-25T18:26:42","modified_gmt":"2018-04-25T16:26:42","slug":"differenziamoci","status":"publish","type":"page","link":"https:\/\/www.mamrecooperativa.it\/?page_id=24","title":{"rendered":"Differenziamoci"},"content":{"rendered":"<p align=\"JUSTIFY\"><strong>SOSTEGNO ALL&#8217;AMBIENTE: PROGETTO \u201cDIFFERENZIAMOCI\u2026\u201d<\/strong><\/p>\n<p align=\"JUSTIFY\">L&#8217;emergenza ambientale, in cui viviamo, \u00e8 complessa perch\u00e9 riguarda la natura e l&#8217;organizzazione della nostra societ\u00e0, le azioni di ciascuno e i loro effetti sull&#8217;ambiente. Il comportamento dei singoli nei confronti dei rifiuti determina il successo o meno della battaglia in corso per ridurre l&#8217;inquinamento e lo spreco da rifiuti. Non \u00e8 pi\u00f9 una battaglia a suon di delibere, ma una guerra quotidiana contro le cattive abitudini dei singoli. La Cooperativa \u201cMamr\u00e8\u201d vuole dare il suo contributo al problema \u201crifiuti\u201d con il progetto \u201c<i><b>Differenziamoci\u2026 <\/b><\/i>\u201d, rivolto ai cittadini e ai giovani del quartiere 219, per fare informazione, sensibilizzazione ed educazione al riciclo e alla differenziazione dei rifiuti solidi urbani. Il problema \u201crifiuti\u201d \u00e8 complesso e necessita di soluzioni integrate e articolate, ma al tempo stesso tempestive ed irrimandabili; coinvolge da un lato governo e gestione dell\u2019ambiente, dall\u2019altro i comportamenti quotidiani dei singoli cittadini e costringe a confrontarsi con gli effetti pi\u00f9 indesiderabili dell\u2019attuale modello di sviluppo della nostra societ\u00e0.<\/p>\n<p align=\"JUSTIFY\"><b>Finalit\u00e0 generale del programma \u201cDifferenziamoci\u2026\u201d.<\/b><\/p>\n<p align=\"JUSTIFY\"><b>Obiettivi:<\/b>Accompagnare i cittadini a cogliere la grande differenza tra \u201crifiuti\u201d e \u201cmateriali da ri-usare\u201d, fra ambiente sano e ambiente compromesso ecologicamente, fra comportamenti virtuosi e non; per i ragazzi invece cercare di unire a queste convinzioni anche comportamenti in sintonia con le strategie dell\u2019Amministrazione comunale per la raccolta differenziata. L\u2019emergenza, e non solo, ha fatto nascere l\u2019idea di un intervento in grado di dare un segnale forte e chiaro sulla tematica in considerazione che il problema oltre che reale \u00e8 anche culturale. Se nel centro citt\u00e0 il problema dei rifiuti \u00e8 avvertito in modo lieve, esso assume connotazioni serie nella periferia in esame, sommersa dai rifiuti. E\u2019 proprio nella periferia che si registrano i tassi di crescita della popolazione pi\u00f9 elevati, \u00e8 proprio questa periferia ad ospitare spesso le giovani coppie che a fatica riescono a dar vita ad una nuova famiglia, per cui lavorare per la riqualificazione della periferia significa oggi lavorare per i giovani.<\/p>\n","protected":false},"excerpt":{"rendered":"<p>SOSTEGNO ALL&#8217;AMBIENTE: PROGETTO \u201cDIFFERENZIAMOCI\u2026\u201d L&#8217;emergenza ambientale, in cui viviamo, \u00e8 complessa perch\u00e9 riguarda la natura e l&#8217;organizzazione della nostra societ\u00e0, le azioni di ciascuno e i loro effetti sull&#8217;ambiente. Il comportamento dei singoli nei confronti dei rifiuti determina il successo o meno della battaglia in corso per ridurre l&#8217;inquinamento e lo spreco da rifiuti. Non [&hellip;]<\/p>\n","protected":false},"author":1,"featured_media":161,"parent":0,"menu_order":0,"comment_status":"closed","ping_status":"closed","template":"","meta":{"footnotes":""},"class_list":["post-24","page","type-page","status-publish","has-post-thumbnail","hentry"],"_links":{"self":[{"href":"https:\/\/www.mamrecooperativa.it\/index.php?rest_route=\/wp\/v2\/pages\/24","targetHints":{"allow":["GET"]}}],"collection":[{"href":"https:\/\/www.mamrecooperativa.it\/index.php?rest_route=\/wp\/v2\/pages"}],"about":[{"href":"https:\/\/www.mamrecooperativa.it\/index.php?rest_route=\/wp\/v2\/types\/page"}],"author":[{"embeddable":true,"href":"https:\/\/www.mamrecooperativa.it\/index.php?rest_route=\/wp\/v2\/users\/1"}],"replies":[{"embeddable":true,"href":"https:\/\/www.mamrecooperativa.it\/index.php?rest_route=%2Fwp%2Fv2%2Fcomments&post=24"}],"version-history":[{"count":1,"href":"https:\/\/www.mamrecooperativa.it\/index.php?rest_route=\/wp\/v2\/pages\/24\/revisions"}],"predecessor-version":[{"id":25,"href":"https:\/\/www.mamrecooperativa.it\/index.php?rest_route=\/wp\/v2\/pages\/24\/revisions\/25"}],"wp:featuredmedia":[{"embeddable":true,"href":"https:\/\/www.mamrecooperativa.it\/index.php?rest_route=\/wp\/v2\/media\/161"}],"wp:attachment":[{"href":"https:\/\/www.mamrecooperativa.it\/index.php?rest_route=%2Fwp%2Fv2%2Fmedia&parent=24"}],"curies":[{"name":"wp","href":"https:\/\/api.w.org\/{rel}","templated":true}]}}